14. Is j a composite number?
False
Let p be (-3 - -4)/(3/(-6678)). Is (-4)/(-8) - p/4 composite?
False
Is 47*(-3 + 4)*(-1 + 2) composite?
False
Suppose 2*v = z + 2 - 0, -z = -v - 3. Suppose -i + z = 3*i. Is (-11)/(-1)*(i + 3) composite?
True
Suppose 7*h = 4*h + 12. Suppose -h*v + 10 = v. Suppose -2*c + 7*w = 4*w - 39, v*c = -3*w + 45. Is c a prime number?
False
Let y be (-76)/(-10) + 10/25. Let j = 7 - y. Is -3 - 0 - (j + -91) a composite number?
False
Let m(n) = -n**2 - 12*n - 15. Let q be m(-10). Suppose q*b - 688 - 97 = 0. Is b a prime number?
True
Let n be -14*(-2)/(12/(-9)). Is (-7)/(n/(-6)) - -55 a prime number?
True
Suppose 562 + 263 = -3*b. Let s = 57 + -235. Let d = s - b. Is d a prime number?
True
Let a = -7 + 11. Suppose 0*h - 3*h + 3*l = -624, 3*h - a*l = 627. Is h a composite number?
True
Let w(g) = -2*g - 8. Let n be w(-4). Let o = 0 - -2. Suppose -v - o*v + 615 = n. Is v a prime number?
False
Let o(p) = -3*p**2 - p - 3. Let b be o(2). Suppose 0 = 4*j + 161 - 41. Let m = b - j. Is m a composite number?
False
Suppose -5*o - p = -4*p - 793, 0 = 4*o - 2*p - 636. Is o a prime number?
False
Suppose 7*g = 12*g - 565. Is g composite?
False
Let b be (8/(-2))/((-5)/(-20)). Let i = b + 47. Is i a composite number?
False
Suppose -3*c + 320 = -397. Is c a prime number?
True
Let f be (1 - -1)*265/2. Suppose -i = 4*q - 4*i - 3, 3*q - 4*i - 4 = 0. Suppose g + 4*g - f = q. Is g a composite number?
False
Suppose 2*r = 4*o + 2670, 5*r - o + 1347 = 6*r. Is r a prime number?
False
Is (-65)/(-26)*(398 - 0) a prime number?
False
Let f = 8 + -3. Suppose 4*h = -2*r - 6, -f*r + 3*h - 2 = -13. Is (r/1)/(2/26) prime?
True
Let v = -90 - -1009. Is v composite?
False
Let l = 9 + -6. Suppose -r = j + 2, 2*j + l*r = -2*r + 2. Let n(i) = 5*i**2 - 1. Is n(j) a composite number?
False
Suppose 0 = 3*f - 8*f + 635. Is f a prime number?
True
Suppose 9*a = 4*a + 795. Is a a prime number?
False
Let y(d) = -64*d**2 + 3*d - 6. Let a be y(4). Let u = a + 1591. Is u a prime number?
False
Let b = 2 + 3. Suppose 3*m + 6 = -5*d + 19, -d + b = 0. Is (-708)/(-8)*m/(-6) prime?
True
Let z = 1 - 2. Let q be z + 1 - (-4 + 2). Is 4*(0 - (-5)/q) composite?
True
Let v(y) = -y + 9. Let r be v(6). Is 145 - (-7 - (-6 + r)) prime?
True
Let y(r) = -r**2 + 5*r + 3. Let h be y(4). Let t = -4 + h. Suppose t*u = 138 + 27. Is u composite?
True
Let t = -204 - -128. Suppose 3*w = -0*w - 465. Let p = t - w. Is p prime?
True
Let t(f) = 13*f**2 + 4. Let m be (-4)/14 + 94/(-14). Is t(m) composite?
False
Let d = -2 + 8. Suppose t + 1265 = d*t. Is t prime?
False
Let c = -307 - -680. Is c composite?
False
Let k = -12 - -18. Suppose -3*l + 0*l - k = 0, 1740 = 4*j + 4*l. Is j a prime number?
False
Is -33*2/4*-2 a composite number?
True
Let a(m) = m**2 + m - 55. Suppose -4*z + 9 + 1 = -2*f, -2*z + 10 = -2*f. Let r be a(z). Let c = 90 + r. Is c a prime number?
False
Let o = 6 + 2. Let y(g) = -g - o*g + 3 + 2*g**2 - 2. Is y(6) prime?
True
Let b = 4 - 6. Let u be -5*b*(-1)/(-2). Let r = 18 - u. Is r a prime number?
True
Let g = 309 + -198. Is g a composite number?
True
Suppose 2*d - 905 = n - 2*n, -3*n + 3*d + 2724 = 0. Is n composite?
False
Suppose 246 = 2*w + 2*v - 68, 471 = 3*w - 4*v. Is w composite?
False
Suppose -w = w - 212. Is w composite?
True
Suppose 0 = 4*k + 125 - 577. Suppose 4*o - 16 - 216 = -4*b, -2*o - b = -k. Is o composite?
True
Let a(g) = -74*g**3 - 2*g**2 - 5*g - 7. Is a(-2) prime?
True
Suppose 2*g - 130 = -0*g. Is g composite?
True
Suppose 8*k - 131 = 389. Is k a composite number?
True
Let y(i) be the second derivative of i**4/6 + 5*i**3/6 + 7*i**2/2 + i. Is y(6) composite?
False
Let p = 387 + -210. Is p composite?
True
Let i(f) = -527*f**3 - 5*f**2 - 5*f - 1. Is i(-1) prime?
False
Let o(p) = 2*p**3 - 11*p**2 + 8*p + 2. Let l(x) = 3*x**2 + 4*x + 3. Let m(u) = -u. Let w be m(2). Let t be l(w). Is o(t) prime?
False
Suppose -13*z = -12*z - 3630. Suppose z = 3*o + o + c, -2*o - 5*c + 1824 = 0. Is o composite?
False
Let v(w) = -5*w + 4. Let o be (3 - 8) + 2 + -2. Let j(p) = -11*p + 8. Let q(l) = o*v(l) + 2*j(l). Is q(6) prime?
False
Let x(k) = k**3 + 7*k**2 + 3*k + 2. Is x(-5) a prime number?
True
Let x be -162 + -2 + 0/(-2). Let f = x - -241. Let w = f + -22. Is w composite?
True
Let s = -8 + 717. Is s prime?
True
Let u(o) = 27*o**3 + 2*o**2 - 1. Let t be u(-1). Let l = -13 - t. Is l composite?
False
Let j(i) be the third derivative of i**5/60 + i**4/4 - 4*i**3/3 - 2*i**2. Suppose -a = -4*a - 27. Is j(a) a composite number?
False
Suppose -s + 2*k = 16 + 1, -4*s - 93 = -3*k. Is (-6)/27 - 1005/s a composite number?
False
Suppose 2*d - 172 = -0*d + p, -5*p = 5*d - 445. Is d composite?
True
Let k = -29 + 88. Is k a prime number?
True
Let u be (20 - -3) + (1 - 2). Let r = u + -1. Is r a prime number?
False
Let j(q) = -67*q - 8 + 8. Suppose -2*r + 21 = -3*r + 4*s, 25 = 5*s. Is j(r) composite?
False
Suppose -381 = -r - 2*r. Is r composite?
False
Let u be (1 - 0)*(1 - -1). Suppose -4 = -3*h + u. Suppose 0 = 5*s - h*j - 57, -4*s + 32 = -2*j - 12. Is s a composite number?
False
Let a(i) be the first derivative of 4/3*i**3 - i**2 - i - 3. Is a(-2) prime?
True
Suppose 4*g - 669 = -97. Is g a composite number?
True
Suppose 5*m = -4*b + 1523, -3*m - 5*b = m - 1213. Is m prime?
True
Let n be (-4)/10 - 2116/10. Let r = 127 + n. Let j = r + 136. Is j prime?
False
Suppose -5*o + 4*w = -1445, 2*w - 1475 = 2*o - 7*o. Is o a composite number?
False
Let a(d) = 24*d**2 - 3*d + 2. Is a(3) composite?
True
Suppose -4*d = -2*d. Let s be (2 + d)/(10/15). Suppose -748 - 208 = -4*c + 4*m, -4*m + 689 = s*c. Is c a composite number?
True
Suppose 6*z = z + 175. Suppose -27 = -f + z. Is 3 - (2 + -4)*f a composite number?
False
Suppose 9*n = -5*r + 4*n + 2810, 4*n - 1134 = -2*r. Is r composite?
False
Is (-4)/(-14) + (-5205)/(-35) a prime number?
True
Let m be (-3 + 3)*(-2)/4. Suppose 0*z - p = 2*z - 42, z - 2*p - 21 = m. Is z composite?
True
Suppose -413 = -f - 0*w + 3*w, 1191 = 3*f + 3*w. Is f a composite number?
False
Let b(x) = 4*x - 25. Is b(10) a prime number?
False
Let r(p) = 0*p - 2 - 3 + p - 13*p. Is r(-6) composite?
False
Suppose 3*x + 10 = -14. Let d be x/(-6) - (-2)/3. Suppose 0 = 4*j - 2*a + 6*a - 460, d*a - 468 = -4*j. Is j composite?
True
Suppose -l = -4*k + 7, 5*k - 2*k - l = 5. Is 310*(3/k + -1) composite?
True
Let v = 2619 + -1334. Is v composite?
True
Let v = 0 - 2. Let k be (3/v)/(2/(-240)). Suppose -k = -2*f + 194. Is f composite?
True
Let p = -12 + 0. Let j(n) = n**2 - 4*n + 25. Let a be j(3). Let g = p + a. Is g a composite number?
True
Suppose -5*t = -3*t - 880. Let k = t + -253. Is k prime?
False
Suppose 15 = 3*y, -24 = -2*q - 3*y + 7. Let o(k) = q*k + 1 + 7*k + 3*k. Is o(1) a composite number?
False
Suppose -3*o = -4*o. Let i(w) = -w**2 + 9. Let j be i(o). Suppose 5*c = g + 58, j + 30 = 3*c - 2*g. Is c a prime number?
True
Suppose -4*u + 791 = -525. Is u a prime number?
False
Suppose -2*n = -4*z - 4*n + 4, 2*n = -3*z + 4. Let f(w) = -w**3 + w**2 + 251. Is f(z) composite?
False
Is (4/(-6))/((-4)/1614) composite?
False
Let x(y) = y - 1. Let c be x(-4). Let u = 29 + c. Let p = u - 11. Is p composite?
False
Let f = -25 + 50. Is (-3 + -1)/((-10)/f) a composite number?
True
Suppose 4*f = -0*f + 76. Let j be -11 + 11 - (-2 + 0). Is f - (j - (4 - 2)) prime?
True
Let s(x) = 11*x**2 + 4. Let p(t) = t**2 + 6*t - 11. Let u be p(-8). Let r(d) = d**2 - 7*d + 7. Let n be r(u). Is s(n) a prime number?
True
Let z be (-2)/7 - (-2)/7. Let x be z/(-1 - (-3)/(-3)). Suppose -5*c + 623 = 4*m, -3*m - 2*c + 0*c + 469 = x. Is m a composite number?
False
Let w be (14/(-4) - -3)*0. Suppose -4*t - t - 20 = w. Let f(x) = -x**3 + 3*x**2 + 6*x + 5. Is f(t) prime?
False
Let d(y) = -y**3 - y**2 - 2*y - 1. Let h be d(-2). Suppose -4*n - 2*p + h*p + 1155 = 0, p = n - 290. Is n a composite number?
True
Suppose 5*f - 1 = -6. Let x = 5 + f. Is x a prime number?
False
Is (6 - -121)*(-2)/(-2) a composite number?
False
Let a be (4 - 1)*4/6. Suppose -a*s = s. Is (-83*(1 - s))/(-1) composite?
False
Let j(r) = 2*r + 3. Let y be j(4). Is 713/y - 6/(-33) a prime number?
False
Let f(g) = 4*g**3 - 4*g**2 + 4*g + 7. Is f(5) a prime number?
False
Suppose -f = -4*c - 87, f = -c - 3*f - 43. Let k = c + 46. Is k prime?
True
Let y(r) = -r + 10. Let j b